= 3*i - k - 155. What is the units digit of i?
3
Let b(d) = 108*d**2 - 38*d + 211. What is the units digit of b(6)?
1
Let r(v) be the second derivative of v**4/3 - v**3/6 - 2*v**2 + 33*v. Suppose -l + 4*g = -23, -3*l - l + 2*g = -22. What is the tens digit of r(l)?
2
Suppose 2*a = -5 - 15. Let d(t) = -10*t + 2. Let w be d(a). Suppose -w - 3 = -5*k. What is the units digit of k?
1
Suppose -117 = 9*g - 1665. What is the units digit of g?
2
Let z(y) = -2*y**3 - 3*y**2 + 6*y - 2. What is the units digit of z(-5)?
3
Let o be 14/8 + (-2)/(-8). Let y(s) = s**3 + 3*s**2 - 3. What is the tens digit of y(o)?
1
Suppose 0*r = -3*r, 30 = 2*z + 5*r. Let x = -1 - -1. Let l = z + x. What is the units digit of l?
5
Let d = 41 + 39. Let j = -7 - -13. Suppose j = -2*r + d. What is the tens digit of r?
3
What is the units digit of 1238 - 0/(-3 + 5/5)?
8
Let g be 12*((-9)/(-12))/(-1). Let l be (g + 1)/(-2) - 4. Let w = 2 + l. What is the units digit of w?
2
Suppose -3*c - 3*y = 12, 4*c + 10*y - 5*y + 14 = 0. Let p = -10 - -14. Let i = p - c. What is the tens digit of i?
1
Let x = -239 + 471. What is the units digit of (-11 - -14) + 1 + -1 + x?
5
Let u = -1711 - -2473. What is the tens digit of u?
6
Let w = 827 + 80. What is the hundreds digit of w?
9
What is the thousands digit of (21 - 15)/((-678)/(-338) + -2)?
1
Let f(n) = 6*n**3 - 18*n**2 - 2*n + 15. What is the hundreds digit of f(8)?
9
Suppose -18*f + 21360 = 3360. What is the thousands digit of f?
1
Let u(q) = 7*q**3 - 108*q**2 - 38*q + 15. What is the tens digit of u(17)?
4
Let c(s) = 5*s**3 + 2*s + 3. Let x(g) = -19*g**3 - g**2 - 9*g - 12. Let m(b) = -9*c(b) - 2*x(b). What is the tens digit of m(-2)?
6
Let i be ((-2)/(-3))/(1/12). Let p = i - 117. Let j = p + 159. What is the units digit of j?
0
Let c(p) be the first derivative of 15*p - 5/2*p**2 + 11. What is the units digit of c(-5)?
0
Let o = -1 + 5. Let a(u) = 3*u**2 - 4*u - 4. What is the units digit of a(o)?
8
Let i be 2/6 + (3800/15)/8. Suppose 31*h + 253 = i*h. What is the units digit of h?
3
Let a = -25 - -13. Let m = -4 - a. Suppose m*o - 57 = 5*o. What is the units digit of o?
9
Let i(w) = 4*w**3 + 2*w**2 + w + 2. Let c(a) = -9*a**3 - 4*a**2 - 3*a - 4. Let z(x) = 2*c(x) + 5*i(x). What is the tens digit of z(2)?
2
Suppose 0 - 15 = -5*k. Suppose 0 = 5*u - 25, -k*n + 175 = 2*n - 2*u. What is the tens digit of n?
3
Let q be 26*(3/(-3) - -2). What is the hundreds digit of q/143 + (-2132)/(-11)?
1
Suppose 59*r = 63*r + 28. Let j = 43 - -5. What is the tens digit of (j/r)/((-5)/35)?
4
Let l(t) = -18*t + 3. Let j be l(-1). What is the tens digit of 36/j*(-126)/(-4)?
5
Let o(b) be the third derivative of -b**5/60 + 13*b**4/24 + 5*b**3/6 - 5*b**2. What is the units digit of o(11)?
7
Let r(x) = 3*x + 66. Let p(s) = 2*s**2 + 13*s + 6. Let l be p(-6). What is the tens digit of r(l)?
6
Suppose -1893*i + 1883*i + 36050 = 0. What is the thousands digit of i?
3
Let q = 99 - 96. Suppose q*z - 541 - 86 = 0. What is the tens digit of z?
0
Suppose 32*w = 30*w - 160. What is the tens digit of (1932/115)/((-6)/w)?
2
Suppose 2*l - 48 = 12. Let v = -1 + -8. What is the tens digit of (v/(-2))/(5/l)?
2
Let g(u) = 6*u**2 - 64*u + 7. What is the tens digit of g(16)?
1
Let c(y) be the first derivative of y**4/4 - 10*y**3/3 - 6*y**2 + 9*y - 3. Let u be c(11). Let j(g) = 8*g**2 + 3*g. What is the tens digit of j(u)?
2
Let n(i) = -i**3 + 9*i**2 - i + 5. Let d be n(9). Let a = d - -7. Suppose 5*k = -a*o + 34, 0 = -3*k + 4*o - 2*o + 9. What is the units digit of k?
5
Suppose 2*s - 16 = 76. Let i = s - 34. What is the units digit of i?
2
Let q(i) = 45*i**2 - 9*i - 50. Let n be q(-5). Suppose 5*x = -3*m + 1422, 0 = -4*x + m + m + n. What is the units digit of x?
2
Let g be -1*1/2 - (-1435)/(-14). Let c = g - -228. What is the tens digit of c?
2
Suppose 0 = -2*b + 5*b - 189. Suppose -x + b = -5. What is the tens digit of x?
6
What is the tens digit of -10*(-13)/(26/1063)?
1
Let j(v) = -398 - 39*v + 369 - 6*v - 33*v. What is the hundreds digit of j(-3)?
2
Suppose -7*j + 137 + 1102 = 0. What is the hundreds digit of j?
1
Suppose 6*b - 16040 = 964. What is the thousands digit of b?
2
Suppose -6*c - 3 = -7*c. Suppose 4*v + 5*a - 386 = -70, -c*v = -4*a - 237. What is the units digit of v?
9
Suppose 5*y = 5*p + 235, 3*p - 4*p + 5*y - 51 = 0. Let w = -17 - p. What is the tens digit of w?
2
Let k = -1235 + 2168. What is the tens digit of k?
3
Let d(s) = -2*s**3 - 6*s**2 - 7*s. What is the tens digit of d(-3)?
2
Suppose 32*i + 810 = 5*z + 31*i, -815 = -5*z + 2*i. What is the units digit of z?
1
Let z(x) = -x**3 - 2*x**2 - 6*x + 1764. What is the tens digit of z(0)?
6
Let n be 14 - -3 - (2 + -5). Let k be 32/n*(-5)/(-2). Suppose -2*h = -2*c - h + 36, k*c + h = 66. What is the tens digit of c?
1
Let s be ((0 - 6)/(-2))/((-93)/(-868)). Let o = s - 24. What is the units digit of o?
4
Suppose x - 770 = 2*l, -4*x - 15*l = -17*l - 3050. What is the units digit of x?
0
Let y(f) = 2*f**2 - 2*f + 2. Let j(o) be the first derivative of 5*o**3/3 - 9. Let s be j(-1). What is the units digit of y(s)?
2
What is the hundreds digit of 4791/21 + 5 - (-4)/(-28)?
2
Let r = -91 - -133. Suppose -5*i + 272 - r = 0. What is the units digit of i?
6
Let m be (1 - -6) + (-9)/3. Suppose 4*f - 3*j - 139 = 0, 0 = 6*j - m*j - 6. What is the tens digit of f?
3
Suppose -68*i + 44*i = -7008. What is the units digit of i?
2
Let g(j) = -83 - 14*j + 4*j + 22*j + 23*j. What is the tens digit of g(8)?
9
Suppose 2*m - 3 = m. Let y be (22/(-5))/(m/(-90)). Suppose -y = -7*w + 4*w. What is the tens digit of w?
4
Suppose -4*g = -r + 5, -3*g + 11 = -7*g - r. Let d = -8 - -17. What is the units digit of (d/(-3))/(g + 1)?
3
Let p(x) = x. Let t be p(2). Let r(f) = f**2 - 13*f - 8. Let m be r(11). What is the units digit of m/(-20)*t/1?
3
Suppose 11465 = 26*x - 13547. What is the hundreds digit of x?
9
Let t be (-27)/(-63) + (-73)/7. Let a(y) = y**3 + 10*y**2 - 6*y + 11. What is the tens digit of a(t)?
7
Suppose g = -j + 5862, 230*j = -g + 225*j + 5874. What is the tens digit of g?
5
Let w(a) = -a**3 - 6 + 0 - 3 - 13*a - 12*a**2. Let r be 69/(-6) + 0 + (-17)/(-34). What is the units digit of w(r)?
3
Let o(h) = -3*h - 5. Let n = 25 - 27. Let a be o(n). Suppose -2*v + 40 = 5*i, a = i - 1. What is the tens digit of v?
1
Suppose a = 4*k + 17, 190 = 5*a + 2*k - k. Let d = 111 - a. What is the tens digit of d?
7
Let u = 2400 - -26. What is the tens digit of u?
2
Suppose -5*s + 23 = 3*m, 4*s = -4*m + 3*s + 42. Suppose o = -5*h + 10, -m - 5 = -o + h. What is the units digit of o?
5
Suppose 3*l + 31 = -5*x, -1 = -x + 3. Let a = l - -19. Suppose -g + 111 = a*g. What is the tens digit of g?
3
Let l = -49 - -47. What is the tens digit of ((-110)/20)/(l/4)?
1
Let n(m) = 3*m**2 + m - 2*m**2 - 6 + 2. Let q be n(-3). Suppose q*u = -0*b - 2*b + 98, -2*b + 142 = 3*u. What is the tens digit of u?
4
What is the units digit of 7*((-6)/(-21))/((-5)/(-280))?
2
Let f(j) = j**2 - 11*j - 7. Let w be f(12). Suppose 29 = w*q - 3*x, -3*q + 4*x = -2*q - 16. Suppose 0 = q*i - 1 - 27. What is the units digit of i?
7
Let i be 1192/10 - (-7)/(-35). What is the hundreds digit of 22457/i + -1*4/(-14)?
1
Let m(a) = -13*a**3 + 4*a**2 - 3*a - 16. What is the hundreds digit of m(-6)?
9
Let u = -301 - -54. Let j = -96 - u. What is the units digit of j?
1
What is the units digit of (((-6)/(-2))/(-6))/((-16)/512)?
6
Suppose 0 = 3*k - 11 + 23. What is the units digit of 1551/15 - k/(-10)?
3
Let v(l) = 51*l - 29. Let u be v(-13). What is the tens digit of u/(-7) - 8/(-56)?
9
Suppose 5*p - m - 31 = 0, 2*m = -5*p + 20 + 8. Suppose 0 = 4*u + y - 235, -p*u = -4*u - 3*y - 107. What is the tens digit of u?
5
Let b = 10297 + -6536. What is the hundreds digit of b?
7
Let p(f) = 7*f**2 - 3*f + 105. What is the units digit of p(9)?
5
Suppose v + 3*c = -v - 4, 5*v - 3*c - 11 = 0. Let l be -1 + -3 - -2 - -4. Suppose -o = -v - l. What is the units digit of o?
3
Let d(p) = 2*p**2 - p + 97. Let g be d(0). Let h = 20 + g. What is the hundreds digit of h?
1
Suppose 2*b + 5*d = 117, -2*b + 3*d - 5 = -82. Suppose -50*u + 480 = -b*u. What is the hundreds digit of u?
1
Let r be (-6 - -9)*(-8)/(-6). Let m be (-2 + 3)/(1/25). Let v = m - r. What is the units digit of v?
1
Suppose 0 = 2*z - d - 6, 4*z 